{"id":2137,"date":"2018-08-29T13:05:50","date_gmt":"2018-08-29T13:05:50","guid":{"rendered":"https:\/\/salltimobiliare.ro\/?page_id=2137"},"modified":"2019-04-09T08:41:44","modified_gmt":"2019-04-09T08:41:44","slug":"politica-salltimobiliare-pentru-cookies","status":"publish","type":"page","link":"https:\/\/salltimobiliare.ro\/index.php\/politica-salltimobiliare-pentru-cookies","title":{"rendered":"Politica salltimobiliare pentru cookies"},"content":{"rendered":"<p>salltimobiliare.ro respect\u0103 sfera privat\u0103 a utilizatorului \u0219i se oblig\u0103 s\u0103 protejeze orice informa\u021bie personal\u0103 pe care clien\u021bii o furnizeaz\u0103 prin intermediul site-ului nostru. Informa\u021biile ce urmeaz\u0103 sunt f\u0103cute s\u0103 ajute utilizatorii site-ului s\u0103 \u00een\u021beleag\u0103 ce informa\u021bii sunt colectate de c\u0103tre salltimobiliare.ro de pe website \u0219i cum sunt acestea utilizate. V\u0103 rug\u0103m s\u0103 citi\u021bi de asemenea \u0219i\u00a0<a href=\"https:\/\/salltimobiliare.ro\/politica-salltimobiliare-pentru-cookies\/\"><strong>Politica de Confiden\u021bialitate.<\/strong><\/a><\/p>\n<p>Prin accesarea, navigarea \u0219i\/sau utilizarea site-ului nostru clien\u021bii confirm\u0103, f\u0103r\u0103 limitare \u0219i calificare, c\u0103 au citit, \u00een\u021beles \u0219i sunt fost de acord cu termenii \u0219i condi\u021biile de utilizare \u0219i prin urmare \u00ee\u0219i dau consim\u021b\u0103m\u00e2ntul pentru utilizarea cookie-urilor \u00een acord cu ace\u0219ti termeni.<\/p>\n<p>\u00cen general utilizatorii pot vizita website-ul nostru f\u0103r\u0103 a ne spune cine sunt \u0219i f\u0103r\u0103 a dezv\u0103lui informa\u021bii personale. Site-ul nostru utilizeaz\u0103 cookie-uri numai pentru a asigura cea mai bun\u0103 experien\u021b\u0103 a utilizatorului. Cookie-urile sunt mici fi\u0219iere text care sunt plasate pe dispozitivul clientului pentru a urm\u0103ri modul de utilizare \u0219i a \u00eenregistra preferin\u021bele. Cookie-urile noastre nu con\u021bin informa\u021bii care pot identifica persoane.<\/p>\n<p>Cookie-urile pot fi \u201epermanente\u201d sau \u201epe sesiune\u201d: un cookie permanent va fi stocat de c\u0103tre browser \u0219i va r\u0103m\u00e2ne valid p\u00e2n\u0103 la data setat\u0103 a expir\u0103rii, \u00een cazul \u00een care nu este \u0219ters de c\u0103tre utilizator \u00eenainte de data expir\u0103rii; un cookie pe sesiune va expira la sf\u00e2r\u0219itul sesiunii, atunci c\u00e2nd browserul web este \u00eenchis. Noi utiliz\u0103m ambele variante de cookies pe website-ul nostru.<\/p>\n<p>Utiliz\u0103m de asemenea Google Analytics pentru a analiza utilizarea website-ului nostru. Furnizorul nostru de analize genereaz\u0103 date statistice \u0219i alte informa\u021bii despre site cu ajutorul cookies-urilor. Cookies-urile utilizate pentru analiz\u0103 pe site-ul nostru au urm\u0103toarele nume: _ga, _gat.<\/p>\n<p>Informa\u021biile generate legate de website-ul nostru sunt utilizate pentru a crea rapoarte despre utilizarea website-ului nostru.<\/p>\n<p>Politica de confiden\u021bialitate a furnizorului nostru de statistici este disponibil\u0103 la: http:\/\/www.google.com\/policies\/privacy\/<\/p>\n<p>Mai multe informa\u021bii despre cookie-urile folosite de acest site se pot citi\u00a0<a href=\"https:\/\/salltimobiliare.ro\/info-cookies\/\"><strong>aici<\/strong><\/a>.<\/p>\n<p>Utilizatorii pot controla \u0219i\/sau \u0219terge cookies. Informa\u021bii despre aceasta pot fi consultate pe aboutcookies.org. Blocarea sau \u0219tergerea cookie-urilor va avea un impact negativ pentru stabilitatea multor website-uri. Dac\u0103 utilizatorii aleg s\u0103 blocheze cookies-urile, ei nu vor fi capabili s\u0103 utilizeze toate caracteristicile de pe website-ul nostru.<\/p>\n<p>Aceast\u0103 politic\u0103 poate fi actualizat\u0103 din c\u00e2nd \u00een c\u00e2nd, de exemplu \u00een urma modific\u0103rii legisla\u021biei relevante sau schimb\u0103ri ale structurii corporative Compariimobiliare.ro. \u00cencuraj\u0103m clien\u021bii s\u0103 verifice aceast\u0103 pagin\u0103 periodic pentru a fi informa\u021bi despre ultimele nout\u0103\u021bi \u00een ce prive\u0219te politica noastr\u0103 de cookie-uri.<br \/>\nLista de cookie-uri setata de catre salltimobiliare.ro se regaseste mai jos:<\/p>\n<p>wordpress_test_cookie &#8211; functionalitate -strict necesara -DA<br \/>\n1P_JAR &#8211; advertising &#8211; necesara -NU<br \/>\nANID &#8211; functionalitate -necesara -DA<br \/>\nAPISID &#8211; advertising &#8211; necesara -NU<br \/>\nCONSENT &#8211; advertising &#8211; necesara -NU<br \/>\nHSID &#8211; advertising &#8211; necesara -NU<br \/>\nNID &#8211; advertising &#8211; necesara -NU<br \/>\nPHPSESSID &#8211; functionalitate -strict necesara -DA<br \/>\nSAPISID &#8211; advertising &#8211; necesara -NU<br \/>\nSID &#8211; functionalitate -strict necesara -DA<br \/>\nSIDCC &#8211; advertising &#8211; necesara -NU<br \/>\nSSID &#8211; advertising &#8211; necesara -NU<br \/>\nkey &#8211; functionalitate -necesara -DA<br \/>\nviewed_cookie_policy &#8211; functionalitate -necesara -DA<\/p>\n<p>&nbsp;<\/p>\n","protected":false},"excerpt":{"rendered":"<p>salltimobiliare.ro respect\u0103 sfera privat\u0103 a utilizatorului \u0219i se oblig\u0103 s\u0103 protejeze orice informa\u021bie personal\u0103 pe care clien\u021bii o furnizeaz\u0103 prin intermediul site-ului nostru. Informa\u021biile ce urmeaz\u0103 sunt f\u0103cute s\u0103 ajute utilizatorii site-ului s\u0103 \u00een\u021beleag\u0103 ce informa\u021bii sunt colectate de c\u0103tre salltimobiliare.ro de pe website \u0219i cum sunt acestea utilizate. V\u0103 rug\u0103m s\u0103 citi\u021bi de asemenea [&hellip;]<\/p>\n","protected":false},"author":1,"featured_media":0,"parent":0,"menu_order":0,"comment_status":"closed","ping_status":"closed","template":"","meta":[],"aioseo_notices":[],"_links":{"self":[{"href":"https:\/\/salltimobiliare.ro\/index.php\/wp-json\/wp\/v2\/pages\/2137"}],"collection":[{"href":"https:\/\/salltimobiliare.ro\/index.php\/wp-json\/wp\/v2\/pages"}],"about":[{"href":"https:\/\/salltimobiliare.ro\/index.php\/wp-json\/wp\/v2\/types\/page"}],"author":[{"embeddable":true,"href":"https:\/\/salltimobiliare.ro\/index.php\/wp-json\/wp\/v2\/users\/1"}],"replies":[{"embeddable":true,"href":"https:\/\/salltimobiliare.ro\/index.php\/wp-json\/wp\/v2\/comments?post=2137"}],"version-history":[{"count":5,"href":"https:\/\/salltimobiliare.ro\/index.php\/wp-json\/wp\/v2\/pages\/2137\/revisions"}],"predecessor-version":[{"id":2295,"href":"https:\/\/salltimobiliare.ro\/index.php\/wp-json\/wp\/v2\/pages\/2137\/revisions\/2295"}],"wp:attachment":[{"href":"https:\/\/salltimobiliare.ro\/index.php\/wp-json\/wp\/v2\/media?parent=2137"}],"curies":[{"name":"wp","href":"https:\/\/api.w.org\/{rel}","templated":true}]}}